{"id":3380,"date":"2025-11-20T11:07:45","date_gmt":"2025-11-20T16:07:45","guid":{"rendered":"https:\/\/publicservicepride.ca\/?post_type=event_listing&#038;p=3380"},"modified":"2025-12-05T00:22:10","modified_gmt":"2025-12-05T05:22:10","slug":"event-international-day-of-persons-with-disabilities-2025-building-accessibility-through-shared-experiences","status":"expired","type":"event_listing","link":"https:\/\/publicservicepride.ca\/fr\/event\/event-international-day-of-persons-with-disabilities-2025-building-accessibility-through-shared-experiences\/","title":{"rendered":"\u00c9v\u00e9nement : Journ\u00e9e internationale des personnes handicap\u00e9es : Am\u00e9liorer l\u2019accessibilit\u00e9 gr\u00e2ce aux exp\u00e9riences communes"},"content":{"rendered":"<p>La Journ\u00e9e internationale des personnes handicap\u00e9es est une occasion de prendre conscience de l\u2019exp\u00e9rience des personnes ayant un handicap, que celui-ci soit apparent ou non, et de faire progresser la cr\u00e9ation de milieux de travail sans obstacle et inclusifs.<\/p>\n<p>Organis\u00e9 en partenariat avec Services partag\u00e9s Canada , cet \u00e9v\u00e9nement comprendra des discussions sur l\u2019accessibilit\u00e9 \u00e0 la fonction publique f\u00e9d\u00e9rale qui mettront l\u2019accent sur des domaines cl\u00e9s tels que les processus d\u2019embauche, l\u2019environnement b\u00e2ti, les technologies d\u2019assistance et la participation du public.<\/p>\n<p>Apprenez-en davantage : \ud83d\udd17 <a href=\"https:\/\/can01.safelinks.protection.outlook.com\/?url=https%3A%2F%2Fcatalogue.csps-efpc.gc.ca%2Fproduct%3Fcatalog%3DINC1-E54%26cm_locale%3Den&amp;data=05%7C02%7CJulie.Beaulieu%40csps-efpc.gc.ca%7Ce4c3843653494245d41c08de1d3c184c%7Cedc33e68da6e4071b181ce7ba461fbae%7C0%7C0%7C638980341112896157%7CUnknown%7CTWFpbGZsb3d8eyJFbXB0eU1hcGkiOnRydWUsIlYiOiIwLjAuMDAwMCIsIlAiOiJXaW4zMiIsIkFOIjoiTWFpbCIsIldUIjoyfQ%3D%3D%7C0%7C%7C%7C&amp;sdata=UkgfMfmUpPj1J3DMZqr20pGdooZjewZ6Q4OvTjYlLFI%3D&amp;reserved=0\">https:\/\/catalogue.csps-efpc.gc.ca\/product?catalog=INC1-E54&amp;cm_locale=fr<\/a><\/p>","protected":false},"featured_media":3382,"template":"","meta":{"om_disable_all_campaigns":false,"_monsterinsights_skip_tracking":false,"_monsterinsights_sitenote_active":false,"_monsterinsights_sitenote_note":"","_monsterinsights_sitenote_category":0},"event_listing_category":[],"event_listing_type":[],"acf":[],"yoast_head":"<!-- This site is optimized with the Yoast SEO plugin v17.7.1 - https:\/\/yoast.com\/wordpress\/plugins\/seo\/ -->\n<title>Event: International Day of Persons with Disabilities 2025: Building Accessibility Through Shared Experiences - Public Service Pride<\/title>\n<meta name=\"robots\" content=\"index, follow, max-snippet:-1, max-image-preview:large, max-video-preview:-1\" \/>\n<link rel=\"canonical\" href=\"https:\/\/publicservicepride.ca\/fr\/event\/event-international-day-of-persons-with-disabilities-2025-building-accessibility-through-shared-experiences\/\" \/>\n<meta property=\"og:locale\" content=\"fr_CA\" \/>\n<meta property=\"og:type\" content=\"article\" \/>\n<meta property=\"og:title\" content=\"Event: International Day of Persons with Disabilities 2025: Building Accessibility Through Shared Experiences - Public Service Pride\" \/>\n<meta property=\"og:description\" content=\"The International Day of Persons with Disabilities is an opportunity to recognize the experiences of persons with apparent and non-apparent disabilities and to advance progress towards barrier-free and inclusive workplaces. Hosted in partnership with Shared Services Canada, this event will&hellip;\" \/>\n<meta property=\"og:url\" content=\"https:\/\/publicservicepride.ca\/fr\/event\/event-international-day-of-persons-with-disabilities-2025-building-accessibility-through-shared-experiences\/\" \/>\n<meta property=\"og:site_name\" content=\"Public Service Pride\" \/>\n<meta property=\"article:modified_time\" content=\"2025-12-05T05:22:10+00:00\" \/>\n<meta property=\"og:image\" content=\"https:\/\/publicservicepride.ca\/wp-content\/uploads\/2025\/11\/Thumbnail.jpg\" \/>\n\t<meta property=\"og:image:width\" content=\"940\" \/>\n\t<meta property=\"og:image:height\" content=\"788\" \/>\n<meta name=\"twitter:card\" content=\"summary_large_image\" \/>\n<script type=\"application\/ld+json\" class=\"yoast-schema-graph\">{\"@context\":\"https:\/\/schema.org\",\"@graph\":[{\"@type\":\"WebSite\",\"@id\":\"https:\/\/publicservicepride.ca\/#website\",\"url\":\"https:\/\/publicservicepride.ca\/\",\"name\":\"Public Service Pride\",\"description\":\"Show Your Colours\",\"potentialAction\":[{\"@type\":\"SearchAction\",\"target\":{\"@type\":\"EntryPoint\",\"urlTemplate\":\"https:\/\/publicservicepride.ca\/?s={search_term_string}\"},\"query-input\":\"required name=search_term_string\"}],\"inLanguage\":\"fr-CA\"},{\"@type\":\"ImageObject\",\"@id\":\"https:\/\/publicservicepride.ca\/event\/event-international-day-of-persons-with-disabilities-2025-building-accessibility-through-shared-experiences\/#primaryimage\",\"inLanguage\":\"fr-CA\",\"url\":\"https:\/\/publicservicepride.ca\/wp-content\/uploads\/2025\/11\/Thumbnail.jpg\",\"contentUrl\":\"https:\/\/publicservicepride.ca\/wp-content\/uploads\/2025\/11\/Thumbnail.jpg\",\"width\":940,\"height\":788},{\"@type\":\"WebPage\",\"@id\":\"https:\/\/publicservicepride.ca\/event\/event-international-day-of-persons-with-disabilities-2025-building-accessibility-through-shared-experiences\/#webpage\",\"url\":\"https:\/\/publicservicepride.ca\/event\/event-international-day-of-persons-with-disabilities-2025-building-accessibility-through-shared-experiences\/\",\"name\":\"Event: International Day of Persons with Disabilities 2025: Building Accessibility Through Shared Experiences - Public Service Pride\",\"isPartOf\":{\"@id\":\"https:\/\/publicservicepride.ca\/#website\"},\"primaryImageOfPage\":{\"@id\":\"https:\/\/publicservicepride.ca\/event\/event-international-day-of-persons-with-disabilities-2025-building-accessibility-through-shared-experiences\/#primaryimage\"},\"datePublished\":\"2025-11-20T16:07:45+00:00\",\"dateModified\":\"2025-12-05T05:22:10+00:00\",\"breadcrumb\":{\"@id\":\"https:\/\/publicservicepride.ca\/event\/event-international-day-of-persons-with-disabilities-2025-building-accessibility-through-shared-experiences\/#breadcrumb\"},\"inLanguage\":\"fr-CA\",\"potentialAction\":[{\"@type\":\"ReadAction\",\"target\":[\"https:\/\/publicservicepride.ca\/event\/event-international-day-of-persons-with-disabilities-2025-building-accessibility-through-shared-experiences\/\"]}]},{\"@type\":\"BreadcrumbList\",\"@id\":\"https:\/\/publicservicepride.ca\/event\/event-international-day-of-persons-with-disabilities-2025-building-accessibility-through-shared-experiences\/#breadcrumb\",\"itemListElement\":[{\"@type\":\"ListItem\",\"position\":1,\"name\":\"Home\",\"item\":\"https:\/\/publicservicepride.ca\/\"},{\"@type\":\"ListItem\",\"position\":2,\"name\":\"Event: International Day of Persons with Disabilities 2025: Building Accessibility Through Shared Experiences\"}]}]}<\/script>\n<!-- \/ Yoast SEO plugin. -->","yoast_head_json":{"title":"Event: International Day of Persons with Disabilities 2025: Building Accessibility Through Shared Experiences - Public Service Pride","robots":{"index":"index","follow":"follow","max-snippet":"max-snippet:-1","max-image-preview":"max-image-preview:large","max-video-preview":"max-video-preview:-1"},"canonical":"https:\/\/publicservicepride.ca\/fr\/event\/event-international-day-of-persons-with-disabilities-2025-building-accessibility-through-shared-experiences\/","og_locale":"fr_CA","og_type":"article","og_title":"Event: International Day of Persons with Disabilities 2025: Building Accessibility Through Shared Experiences - Public Service Pride","og_description":"The International Day of Persons with Disabilities is an opportunity to recognize the experiences of persons with apparent and non-apparent disabilities and to advance progress towards barrier-free and inclusive workplaces. Hosted in partnership with Shared Services Canada, this event will&hellip;","og_url":"https:\/\/publicservicepride.ca\/fr\/event\/event-international-day-of-persons-with-disabilities-2025-building-accessibility-through-shared-experiences\/","og_site_name":"Public Service Pride","article_modified_time":"2025-12-05T05:22:10+00:00","og_image":[{"width":940,"height":788,"url":"https:\/\/publicservicepride.ca\/wp-content\/uploads\/2025\/11\/Thumbnail.jpg","type":"image\/jpeg"}],"twitter_card":"summary_large_image","schema":{"@context":"https:\/\/schema.org","@graph":[{"@type":"WebSite","@id":"https:\/\/publicservicepride.ca\/#website","url":"https:\/\/publicservicepride.ca\/","name":"Public Service Pride","description":"Show Your Colours","potentialAction":[{"@type":"SearchAction","target":{"@type":"EntryPoint","urlTemplate":"https:\/\/publicservicepride.ca\/?s={search_term_string}"},"query-input":"required name=search_term_string"}],"inLanguage":"fr-CA"},{"@type":"ImageObject","@id":"https:\/\/publicservicepride.ca\/event\/event-international-day-of-persons-with-disabilities-2025-building-accessibility-through-shared-experiences\/#primaryimage","inLanguage":"fr-CA","url":"https:\/\/publicservicepride.ca\/wp-content\/uploads\/2025\/11\/Thumbnail.jpg","contentUrl":"https:\/\/publicservicepride.ca\/wp-content\/uploads\/2025\/11\/Thumbnail.jpg","width":940,"height":788},{"@type":"WebPage","@id":"https:\/\/publicservicepride.ca\/event\/event-international-day-of-persons-with-disabilities-2025-building-accessibility-through-shared-experiences\/#webpage","url":"https:\/\/publicservicepride.ca\/event\/event-international-day-of-persons-with-disabilities-2025-building-accessibility-through-shared-experiences\/","name":"Event: International Day of Persons with Disabilities 2025: Building Accessibility Through Shared Experiences - Public Service Pride","isPartOf":{"@id":"https:\/\/publicservicepride.ca\/#website"},"primaryImageOfPage":{"@id":"https:\/\/publicservicepride.ca\/event\/event-international-day-of-persons-with-disabilities-2025-building-accessibility-through-shared-experiences\/#primaryimage"},"datePublished":"2025-11-20T16:07:45+00:00","dateModified":"2025-12-05T05:22:10+00:00","breadcrumb":{"@id":"https:\/\/publicservicepride.ca\/event\/event-international-day-of-persons-with-disabilities-2025-building-accessibility-through-shared-experiences\/#breadcrumb"},"inLanguage":"fr-CA","potentialAction":[{"@type":"ReadAction","target":["https:\/\/publicservicepride.ca\/event\/event-international-day-of-persons-with-disabilities-2025-building-accessibility-through-shared-experiences\/"]}]},{"@type":"BreadcrumbList","@id":"https:\/\/publicservicepride.ca\/event\/event-international-day-of-persons-with-disabilities-2025-building-accessibility-through-shared-experiences\/#breadcrumb","itemListElement":[{"@type":"ListItem","position":1,"name":"Home","item":"https:\/\/publicservicepride.ca\/"},{"@type":"ListItem","position":2,"name":"Event: International Day of Persons with Disabilities 2025: Building Accessibility Through Shared Experiences"}]}]}},"_links":{"self":[{"href":"https:\/\/publicservicepride.ca\/fr\/wp-json\/wp\/v2\/event_listing\/3380"}],"collection":[{"href":"https:\/\/publicservicepride.ca\/fr\/wp-json\/wp\/v2\/event_listing"}],"about":[{"href":"https:\/\/publicservicepride.ca\/fr\/wp-json\/wp\/v2\/types\/event_listing"}],"wp:featuredmedia":[{"embeddable":true,"href":"https:\/\/publicservicepride.ca\/fr\/wp-json\/wp\/v2\/media\/3382"}],"wp:attachment":[{"href":"https:\/\/publicservicepride.ca\/fr\/wp-json\/wp\/v2\/media?parent=3380"}],"wp:term":[{"taxonomy":"event_listing_category","embeddable":true,"href":"https:\/\/publicservicepride.ca\/fr\/wp-json\/wp\/v2\/event_listing_category?post=3380"},{"taxonomy":"event_listing_type","embeddable":true,"href":"https:\/\/publicservicepride.ca\/fr\/wp-json\/wp\/v2\/event_listing_type?post=3380"}],"curies":[{"name":"wp","href":"https:\/\/api.w.org\/{rel}","templated":true}]}}

Événement : Journée internationale des personnes handicapées : Améliorer l’accessibilité grâce aux expériences communes

<p>La Journée internationale des personnes handicapées est une occasion de prendre conscience de l’expérience des personnes ayant un handicap, que celui-ci soit apparent ou non, et de faire progresser la création de milieux de travail sans obstacle et inclusifs.</p>
<p>Organisé en partenariat avec Services partagés Canada , cet événement comprendra des discussions sur l’accessibilité à la fonction publique fédérale qui mettront l’accent sur des domaines clés tels que les processus d’embauche, l’environnement bâti, les technologies d’assistance et la participation du public.</p>
<p>Apprenez-en davantage : 🔗 <a href="https://can01.safelinks.protection.outlook.com/?url=https%3A%2F%2Fcatalogue.csps-efpc.gc.ca%2Fproduct%3Fcatalog%3DINC1-E54%26cm_locale%3Den&amp;data=05%7C02%7CJulie.Beaulieu%40csps-efpc.gc.ca%7Ce4c3843653494245d41c08de1d3c184c%7Cedc33e68da6e4071b181ce7ba461fbae%7C0%7C0%7C638980341112896157%7CUnknown%7CTWFpbGZsb3d8eyJFbXB0eU1hcGkiOnRydWUsIlYiOiIwLjAuMDAwMCIsIlAiOiJXaW4zMiIsIkFOIjoiTWFpbCIsIldUIjoyfQ%3D%3D%7C0%7C%7C%7C&amp;sdata=UkgfMfmUpPj1J3DMZqr20pGdooZjewZ6Q4OvTjYlLFI%3D&amp;reserved=0">https://catalogue.csps-efpc.gc.ca/product?catalog=INC1-E54&amp;cm_locale=fr</a></p>
